 31, 311, 8539
List the prime factors of 1780788985.
5, 71, 89, 157, 359
What are the prime factors of 108432363?
3, 13, 29, 95873
What are the prime factors of 1011704588?
2, 23, 10996789
What are the prime factors of 21112838?
2, 19, 101, 5501
What are the prime factors of 44784592?
2, 2799037
List the prime factors of 394067462.
2, 7951, 24781
What are the prime factors of 4042588144?
2, 7, 53, 197, 3457
List the prime factors of 267536823.
3, 89178941
What are the prime factors of 891406935?
3, 5, 47, 421469
List the prime factors of 468527463.
3, 17, 1020757
List the prime factors of 3561892908.
2, 3, 7, 79, 76679
List the prime factors of 920897315.
5, 13, 31, 457021
What are the prime factors of 631914?
2, 3, 105319
List the prime factors of 67941832.
2, 7, 31, 5591
What are the prime factors of 142325112?
2, 3, 379, 15647
What are the prime factors of 1255025935?
5, 17, 23, 89, 7213
List the prime factors of 68564551.
11, 6233141
List the prime factors of 41880479.
41880479
List the prime factors of 24702004.
2, 6175501
What are the prime factors of 85170350?
2, 5, 19, 89653
What are the prime factors of 176656943?
43, 971, 4231
What are the prime factors of 28784983?
23, 401, 3121
List the prime factors of 119972303.
11, 10906573
What are the prime factors of 81708119?
81708119
What are the prime factors of 96239817?
3, 10693313
List the prime factors of 18053524.
2, 17, 265493
What are the prime factors of 95459939?
8929, 10691
What are the prime factors of 182515803?
3, 167, 364303
List the prime factors of 21738539.
21738539
What are the prime factors of 103305863?
1733, 59611
What are the prime factors of 43348102?
2, 7, 727, 4259
What are the prime factors of 28871552?
2, 211, 1069
What are the prime factors of 3011172858?
2, 3, 19, 643, 13693
What are the prime factors of 39468904?
2, 499, 9887
What are the prime factors of 759135325?
5, 13, 353, 509
What are the prime factors of 1296447225?
3, 5, 17285963
List the prime factors of 173569219.
173569219
What are the prime factors of 35191073?
4723, 7451
List the prime factors of 12610152.
2, 3, 175141
What are the prime factors of 1177876991?
1177876991
List the prime factors of 413680891.
13, 197, 161531
List the prime factors of 213872342.
2, 17, 6290363
List the prime factors of 26736368.
2, 43, 38861
List the prime factors of 23153875.
5, 19, 9749
What are the prime factors of 1331307444?
2, 3, 110942287
List the prime factors of 355510378.
2, 293, 606673
List the prime factors of 60834493.
31, 1962403
What are the prime factors of 5312014?
2, 239, 11113
List the prime factors of 71607613.
7, 11, 31, 131, 229
What are the prime factors of 472933232?
2, 1013, 29179
List the prime factors of 229394843.
29, 547, 14461
What are the prime factors of 100243925?
5, 31, 129347
What are the prime factors of 2064553861?
37, 6709, 8317
List the prime factors of 91424496.
2, 3, 577, 3301
List the prime factors of 8854990.
2, 5, 43, 20593
What are the prime factors of 2165875159?
7, 2687, 115151
List the prime factors of 395899169.
1319, 300151
List the prime factors of 72947058.
2, 3, 1223, 9941
List the prime factors of 1229761876.
2, 7, 3181, 13807
List the prime factors of 18484937.
18484937
List the prime factors of 695675663.
347, 2004829
What are the prime factors of 21759789?
3, 7253263
What are the prime factors of 32911495?
5, 239, 27541
What are the prime factors of 411711870?
2, 3, 5, 467, 29387
What are the prime factors of 307451979?
3, 101, 338231
What are the prime factors of 291544921?
291544921
What are the prime factors of 1144560452?
2, 7, 40877159
What are the prime factors of 198552426?
2, 3, 1949, 16979
What are the prime factors of 48073185?
3, 5, 61, 83, 211
List the prime factors of 251690596.
2, 62922649
What are the prime factors of 34242916?
2, 8560729
What are the prime factors of 79972823?
7, 233, 49033
What are the prime factors of 606910690?
2, 5, 60691069
What are the prime factors of 274636267?
274636267
What are the prime factors of 1081743180?
2, 3, 5, 7, 41, 62819
What are the prime factors of 7966656085?
5, 41, 38861737
List the prime factors of 435833408.
2, 1907, 3571
List the prime factors of 889985631.
3, 19, 15613783
What are the prime factors of 4447983226?
2, 6329, 351397
What are the prime factors of 153424796?
2, 7, 17, 157, 2053
List the prime factors of 3716784.
2, 3, 53, 487
What are the prime factors of 350781472?
2, 10961921
What are the prime factors of 669292877?
11, 60844807
List the prime factors of 4672356760.
2, 5, 151, 773569
List the prime factors of 385424572.
2, 13, 1847, 4013
List the prime factors of 84506922.
2, 3, 23, 68041
List the prime factors of 63084047.
13, 19, 97, 2633
List the prime factors of 126308285.
5, 199, 126943
What are the prime factors of 119946192?
2, 3, 31, 149, 541
List the prime factors of 288264644.
2, 83, 868267
List the prime factors of 3223676418.
2, 3, 17959, 29917
What are the prime factors of 197306848?
2, 6165839
What are the prime factors of 402504401?
13, 30961877
What are the prime factors of 57089910?
2, 3, 5, 17, 23, 31, 157
What are the prime factors of 681367059?
3, 227, 37057
List the prime factors of 206215981.
313, 658837
What are the prime factors of 14174104?
2, 7, 253109
List the prime factors of 37062752.
2, 23, 37, 1361
What are the prime factors of 22651247?
22651247
What are the prime factors of 156757385?
5, 31351477
What are the prime factors of 1039967911?
17, 41, 1492063
What are the prime factors of 60987488?
2, 149, 12791
What are the prime factors of 202938983?
13, 15610691
List the prime factors of 125465064.
2, 3, 751, 6961
List the prime factors of 112806874.
2, 179, 315103
What are the prime factors of 5961209824?
2, 186287807
What are the prime factors of 392793857?
17, 59, 391619
What are the prime factors of 753365272?
2, 11, 109, 78541
What are the prime factors of 921156822?
2, 3, 19, 2693441
List the prime factors of 5075874477.
3, 61, 233, 4409
List the prime factors of 43723646.
2, 71, 367, 839
List the prime factors of 4343124135.
3, 5, 7, 479, 86353
What are the prime factors of 403211610?
2, 3, 5, 17, 263537
What are the prime factors of 698053640?
2, 5, 17451341
List the prime factors of 111058755.
3, 5, 7403917
What are the prime factors of 485296191?
3, 5991311
List the prime factors of 3551802553.
13, 113, 2417837
What are the prime factors of 1988756890?
2, 5, 3079, 64591
What are the prime factors of 1580168793?
3, 7, 23, 3271571
List the prime factors of 38336515.
5, 7, 23, 47623
List the prime factors of 36608931.
3, 331, 12289
List the prime factors of 27470976.
2, 3, 13, 5503
List the prime factors of 109198873.
7, 197, 79187
What are the prime factors of 199408374?
2, 3, 11, 619, 1627
What are the prime factors of 54269508?
2, 3, 17, 266027
What are the prime factors of 1487173154?
2, 47, 97, 211, 773
List the prime factors of 1430763585.
3, 5, 127, 751057
What are the prime factors of 723236580?
2, 3, 5, 11, 313, 389
List the prime factors of 975560496.
2, 3, 1381, 14717
What are the prime factors of 745170033?
3, 31, 89, 197, 457
List the prime factors of 1738028226.
2, 3, 11, 61, 433, 997
What are the prime factors of 5044654760?
2, 5, 41, 47, 65447
What are the prime factors of 1188725040?
2, 3, 5, 1651007
List the prime factors of 386887062.
2, 3, 1493, 43189
What are the prime factors of 2254135068?
2, 3, 773023
List the prime factors of 19099321.
3853, 4957
List the prime factors of 78331280.
2, 5, 163, 6007
What are the prime factors of 335036756?
2, 1249, 67061
List the prime factors of 1158804936.
2, 3, 43, 374291
List the prime factors of 139590660.
2, 3, 5, 11, 211501
What are the prime factors of 5796230582?
2, 1723, 1682017
What are the prime factors of 84333683?
7, 12047669
List the prime factors of 65154066.
2, 3, 53, 204887
List the prime factors of 1460402236.
2, 47, 911, 8527
What are the prime factors of 1189889090?
2, 5, 13, 9152993
What are the prime factors of 135308407?
13, 10408339
What are the prime factors of 8680542?
2, 3, 13, 109, 1021
What are the prime factors of 480841110?
2, 3, 5, 71, 929
What are the prime factors of 2896437029?
811, 3571439
What are the prime factors of 81898730?
2, 5, 41, 199753
List the